 the remainder when 56986 is divided by 5?
1
What is the remainder when 8221 is divided by 78?
31
What is the remainder when 293426 is divided by 57?
47
Calculate the remainder when 5483 is divided by 5474.
9
Calculate the remainder when 28532 is divided by 9500.
32
What is the remainder when 178361 is divided by 69?
65
What is the remainder when 4659 is divided by 425?
409
What is the remainder when 112575 is divided by 228?
171
What is the remainder when 2471999 is divided by 15?
14
What is the remainder when 1092 is divided by 1?
0
Calculate the remainder when 22914 is divided by 559.
554
Calculate the remainder when 198074 is divided by 186.
170
Calculate the remainder when 210 is divided by 56.
42
What is the remainder when 5471 is divided by 143?
37
What is the remainder when 1019 is divided by 564?
455
Calculate the remainder when 11826 is divided by 11809.
17
Calculate the remainder when 10504 is divided by 67.
52
Calculate the remainder when 13478 is divided by 3362.
30
What is the remainder when 37219 is divided by 18607?
5
Calculate the remainder when 35518 is divided by 111.
109
What is the remainder when 2953 is divided by 346?
185
What is the remainder when 457342 is divided by 23?
10
What is the remainder when 13972 is divided by 325?
322
What is the remainder when 205790 is divided by 30?
20
Calculate the remainder when 74011 is divided by 1805.
6
What is the remainder when 12313 is divided by 109?
105
What is the remainder when 974757 is divided by 162?
3
What is the remainder when 688995 is divided by 14061?
6
Calculate the remainder when 134650 is divided by 1213.
7
What is the remainder when 372 is divided by 312?
60
What is the remainder when 43271 is divided by 404?
43
Calculate the remainder when 31977 is divided by 6351.
222
What is the remainder when 49573 is divided by 179?
169
What is the remainder when 9009 is divided by 29?
19
Calculate the remainder when 17299 is divided by 641.
633
What is the remainder when 240599 is divided by 12?
11
What is the remainder when 737340 is divided by 562?
558
Calculate the remainder when 9456 is divided by 32.
16
What is the remainder when 122951 is divided by 506?
499
What is the remainder when 158852 is divided by 206?
26
What is the remainder when 279724 is divided by 10?
4
What is the remainder when 6864 is divided by 114?
24
Calculate the remainder when 6780 is divided by 6774.
6
Calculate the remainder when 1026 is divided by 995.
31
Calculate the remainder when 497 is divided by 423.
74
Calculate the remainder when 2072 is divided by 158.
18
Calculate the remainder when 9185 is divided by 328.
1
Calculate the remainder when 1508 is divided by 92.
36
What is the remainder when 42732 is divided by 42715?
17
Calculate the remainder when 1474231 is divided by 8.
7
Calculate the remainder when 1940234 is divided by 11.
10
What is the remainder when 1698 is divided by 102?
66
Calculate the remainder when 9575 is divided by 201.
128
Calculate the remainder when 2443 is divided by 615.
598
What is the remainder when 16349 is divided by 9?
5
What is the remainder when 293924 is divided by 331?
327
Calculate the remainder when 445 is divided by 434.
11
Calculate the remainder when 8514 is divided by 8493.
21
Calculate the remainder when 6611 is divided by 2190.
41
Calculate the remainder when 8714 is divided by 1729.
69
What is the remainder when 27277 is divided by 39?
16
Calculate the remainder when 6849 is divided by 2159.
372
What is the remainder when 925026 is divided by 231253?
14
Calculate the remainder when 1738 is divided by 165.
88
Calculate the remainder when 1316 is divided by 31.
14
Calculate the remainder when 72766 is divided by 161.
155
Calculate the remainder when 2134583 is divided by 49.
45
Calculate the remainder when 12039 is divided by 942.
735
Calculate the remainder when 23133 is divided by 247.
162
What is the remainder when 5852 is divided by 2885?
82
What is the remainder when 3847 is divided by 38?
9
Calculate the remainder when 112630 is divided by 19.
17
Calculate the remainder when 4101 is divided by 4099.
2
What is the remainder when 32871 is divided by 177?
126
Calculate the remainder when 48834 is divided by 1321.
1278
Calculate the remainder when 8953 is divided by 239.
110
Calculate the remainder when 653549 is divided by 257.
255
What is the remainder when 1516091 is divided by 81?
14
What is the remainder when 6620 is divided by 390?
380
What is the remainder when 771 is divided by 164?
115
What is the remainder when 1594 is divided by 116?
86
Calculate the remainder when 2181269 is divided by 94.
93
What is the remainder when 1211 is divided by 593?
25
What is the remainder when 219857 is divided by 73282?
11
Calculate the remainder when 10089 is divided by 992.
169
What is the remainder when 3202 is divided by 139?
5
Calculate the remainder when 373979 is divided by 496.
491
Calculate the remainder when 112223 is divided by 28.
27
What is the remainder when 2989 is divided by 151?
120
What is the remainder when 78235 is divided by 78225?
10
What is the remainder when 2412 is divided by 480?
12
What is the remainder when 2174938 is divided by 3?
1
Calculate the remainder when 34631 is divided by 330.
311
What is the remainder when 18797 is divided by 3758?
7
What is the remainder when 519542 is divided by 23?
18
Calculate the remainder when 2474203 is divided by 66.
61
What is the remainder when 390276 is divided by 63?
54
Calculate the remainder when 14387 is divided by 3589.
31
What is the remainder when 1402 is divided by 277?
17
What is the remainder when 22656 is divided by 28?
4
Calculate the remainder when 1364 is divided by 64.
20
What is the remainder when 115307 is divided by 57648?
11
What is the remainder when 24635 is divided by 496?
331
What is the remainder when 34777 is divided by 4?
1
Calculate the remainder when 472835 is divided by 569.
565
Calculate the remainder when 5363 is divided by 891.
17
Calculate the remainder when 10551 is divided by 10533.
18
Calculate the remainder when 413 is divided by 248.
165
Calculate the remainder when 18474 is divided by 514.
484
What is the remainder when 24085 is divided by 109?
105
What is the remainder when 21493 is divided by 21462?
31
What is the remainder when 3910 is divided by 1953?
4
Calculate the remainder when 5824 is divided by 120.
64
What is the remainder when 109697 is divided by 141?
140
Calculate the remainder when 7691 is divided by 2392.
515
Calculate the remainder when 6253 is divided by 165.
148
Calculate the remainder when 16234 is divided by 12.
10
What is the remainder when 1228 is divided by 131?
49
Calculate the remainder when 5195 is divided by 1113.
743
What is the remainder when 15856 is divided by 71?
23
What is the remainder when 337738 is divided by 8041?
16
Calculate the remainder when 24024 is divided by 182.
0
What is the remainder when 43929 is divided by 53?
45
What is the remainder when 10753 is divided by 3584?
1
Calculate the remainder when 378 is divided by 193.
185
Calculate the remainder when 1209058 is divided by 180.
178
What is the remainder when 1115548 is divided by 134?
132
Calculate the remainder when 1797240 is divided by 58.
52
What is the remainder when 70263 is divided by 3902?
27
What is the remainder when 2445 is divided by 107?
91
What is the remainder when 5957 is divided by 475?
257
What is the remainder when 585 is divided by 103?
70
What is the remainder when 3322951 is divided by 204?
199
Calculate the remainder when 619356 is divided by 154839.
0
Calculate the remainder when 6317 is divided by 32.
13
Calculate the remainder when 140992 is divided by 136.
96
Calculate the remainder when 1480 is divided by 637.
206
What is the remainder when 6529 is divided by 1933?
730
Calculate the remainder when 100256 is divided by 1023.
2
What is the remainder when 1172191 is divided by 11?
9
What is the remainder when 96870 is divided by 69?
63
Calculate the remainder when 430857 is divided by 35.
7
What is the remainder when 20127 is divided by 6708?
3
What is the remainder when 26110 is divided by 57?
4
Calculate the remainder when 58432 is divided by 127.
12
What is the remainder when 355963 is divided by 177976?
11
What is the rema